{"id":1315,"date":"2022-06-16T03:55:23","date_gmt":"2022-06-16T03:55:23","guid":{"rendered":"https:\/\/xuyennguyencomputer.com\/?page_id=1315"},"modified":"2024-05-06T00:50:09","modified_gmt":"2024-05-06T00:50:09","slug":"dowload-tool-ramdisk-bypass-icloud-passcode-hello-on-windows-ios-14-15-offline-full-chuc-nang-read-info-off-xuyen-nguyen-ft","status":"publish","type":"page","link":"https:\/\/xuyennguyencomputer.com\/index.php\/dowload-tool-ramdisk-bypass-icloud-passcode-hello-on-windows-ios-14-15-offline-full-chuc-nang-read-info-off-xuyen-nguyen-ft\/","title":{"rendered":"DOWLOAD RA1NUSB BOOOT RAMDISK &#8211; Xuy\u00ean Nguy\u1ec5n FT"},"content":{"rendered":"<p>Hits: 233<\/p>\n\n\n<h2 class=\"has-text-color has-medium-font-size wp-block-heading\" id=\"block-67637398-4471-47de-a786-869bc9aab085\" style=\"color:#f00a0e\"><strong>DOWNLOAD:&nbsp;<\/strong>checkra1nRG checkra1n 0.12.4<\/h2>\n\n\n\n<ul class=\"wp-block-list\" id=\"block-4e60a2c4-a9b9-4dcf-8d96-4dbcb7eb8b1a\"><li>Checkra1n Windows: 0.12.4<ul><li><img decoding=\"async\" height=\"16\" src=\"https:\/\/frpfile.com\/wp-content\/uploads\/2020\/09\/icon_google-drive.png\" alt=\"Google Drive\">\u00a0<a href=\"https:\/\/drive.google.com\/drive\/folders\/1TyQRx9sDSbctrNYx-knpTC6nPalMnf7w?usp=drive_link\">Google Drive<\/a><\/li><li>Password unzip:\u00a0<strong>xuyennguyenft.online<\/strong><\/li><\/ul><\/li><\/ul>\n\n\n\n\n\n<p class=\"has-text-align-center has-text-color\" style=\"color:#1104fb;font-size:30px\"><strong>B\u1ea3ng gi\u00e1 oder<\/strong> <strong>cho anh em c\u1eeda h\u00e0ng<\/strong>:<\/p>\n\n\n\n<p class=\"has-text-align-center has-text-color\" style=\"color:#4a00a3\"><strong>Anh ch\u1ecb em  Copy ECID \u0111\u01b0a m\u00e1y v\u1ec1 DFU k\u1ebft n\u1ed1i v\u00e0o<\/strong><\/p>\n\n\n\n<p class=\"has-text-align-center has-text-color\" style=\"color:#ec080f\"><strong><strong>( Gi\u00e1 \u0111\u00e3 h\u1ea1 nhi\u1ec7t )<\/strong><\/strong><\/p>\n\n\n\n<p class=\"has-text-align-center has-text-color\" style=\"color:#2506ef\"><strong>+++D\u1ecbch v\u1ee5 bypass passcode, Hello Screen ramdisk iOS 14 15<\/strong><\/p>\n\n\n\n<p class=\"has-text-align-center has-text-color\" style=\"color:#2506ef\"><strong>+++ ==&gt; Gi\u00e1 d\u1ecbch v\u1ee5 Bypass Ramdisk (Passcode, Hello) iOS 14 15<\/strong><\/p>\n\n\n\n<p class=\"has-text-align-center has-text-color\" style=\"color:#ea0d10\"><strong>iPhone SE, 6s 6sp : 200k <\/strong><\/p>\n\n\n\n<p class=\"has-text-align-center has-text-color\" style=\"color:#ea0d10\"><strong>Phone 7\/7p\/8 : 250k <\/strong><\/p>\n\n\n\n<p class=\"has-text-align-center has-text-color\" style=\"color:#ea0d10\"><strong>Phone 8-X : 300k<\/strong><\/p>\n\n\n\n<p class=\"has-text-align-center has-text-color\" style=\"color:#ea0d10\"><strong> iPad Air2, mini4, gen5 (B\u1ea3n 4G ho\u1eb7c ch\u1ec9 Wifi): 250k <\/strong><\/p>\n\n\n\n<p class=\"has-text-align-center has-text-color\" style=\"color:#ea0d10\"><strong>\u0110\u1ecdc wifi, BT | \u1ea8n iCloud | \u0110\u1ecdc ID, Phone : 120k<\/strong><\/p>\n\n\n\n<p class=\"has-text-align-center has-vivid-green-cyan-color has-text-color\">Update RamDisk ( PassCode &amp; Hello ) A9 (SE,6s,6sPlus)<br>A10 (7,7Plus)<br>A11 (8-X)<br>iPad Air 2 WiFi (A1566)<br>iPad Air 2 4G (A1567)<br>iPad Mini 4 WiFi (A1538)<br>iPad Mini 4 4G (A1550)<br>iPad 5 2017 WiFi (A1822)<br>iPad 5 2017 4G (A1823)<br>iPad 6 2018 WiFi (A1893)<br>iPad 6 2018 4G (A1954)<br>iPad 7 2019 WiFi (A2197)<br>iPad 7 2019 4G (A2198)(A2200)<br>iPad Pro 10.5 WiFi (A1701)<br>iPad Pro 10.5 4G(A1709)(A1852)<br>iPad Pro 12.9 2nd Gen WiFi (A1670)<br>iPad Pro 12.9 2nd Gen 4G (A1671) (A1821)<\/p>\n\n\n\n\n\n<ul id=\"block-bd1461d9-3032-4fd1-99f4-06b62e871f16\" class=\"has-text-color has-medium-font-size wp-block-list\" style=\"color:#eb070b\"><li><strong>Link tool: 67CafeRancer<\/strong><ul><li><strong>Link Ra1nusb ramdisk : <a href=\"https:\/\/drive.google.com\/drive\/folders\/1LcYBRufumZF4033Bi8FTtS1gUARqJo3s?usp=drive_link\" target=\"_blank\" rel=\"noreferrer noopener\">Google Driver<\/a><\/strong><\/li><li><strong>Ipwn ramdisk:<a href=\"https:\/\/drive.google.com\/file\/d\/1onTug4r-3CfYU4cd6hYaxRvp1CI2OXJK\/view?usp=sharing\" target=\"_blank\" rel=\"noreferrer noopener\">Google Driver<\/a><\/strong><\/li><\/ul><ul><li><strong>i4tool + patcher : <a href=\"https:\/\/link1s.com\/i4tool-partcher\" target=\"_blank\" rel=\"noreferrer noopener\">Google Driver<\/a><\/strong><\/li><\/ul><ul><li><strong>DefenderControl&nbsp;: <a href=\"https:\/\/link1s.com\/dowload-chan-virus\">Google Driver<\/a><\/strong><\/li><\/ul><\/li><\/ul>\n\n\n\n\n\n<ul id=\"block-a2803e1c-f0ef-4ca0-8c75-426911a2e5d7\" class=\"has-text-color has-medium-font-size wp-block-list\" style=\"color:#190aef\"><li><a href=\"https:\/\/link1s.com\/dowload-netfram-472\">NET Framework 4.7.2 required<\/a><\/li><li><a href=\"https:\/\/youtu.be\/_6vLJQNpnZE\">Video fix link Google Driver<\/a><\/li><\/ul>\n\n\n\n<p><\/p>\n","protected":false},"excerpt":{"rendered":"<p>Hits: 233 DOWNLOAD:&nbsp;checkra1nRG checkra1n 0.12.4 Checkra1n Windows: 0.12.4 \u00a0Google Drive Password unzip:\u00a0xuyennguyenft.online B\u1ea3ng gi\u00e1 oder cho anh em c\u1eeda h\u00e0ng: [&hellip;]<\/p>\n","protected":false},"author":1,"featured_media":0,"parent":0,"menu_order":0,"comment_status":"closed","ping_status":"closed","template":"","meta":{"_monsterinsights_skip_tracking":false,"_monsterinsights_sitenote_active":false,"_monsterinsights_sitenote_note":"","_monsterinsights_sitenote_category":0,"footnotes":""},"class_list":["post-1315","page","type-page","status-publish","hentry"],"_links":{"self":[{"href":"https:\/\/xuyennguyencomputer.com\/index.php\/wp-json\/wp\/v2\/pages\/1315","targetHints":{"allow":["GET"]}}],"collection":[{"href":"https:\/\/xuyennguyencomputer.com\/index.php\/wp-json\/wp\/v2\/pages"}],"about":[{"href":"https:\/\/xuyennguyencomputer.com\/index.php\/wp-json\/wp\/v2\/types\/page"}],"author":[{"embeddable":true,"href":"https:\/\/xuyennguyencomputer.com\/index.php\/wp-json\/wp\/v2\/users\/1"}],"replies":[{"embeddable":true,"href":"https:\/\/xuyennguyencomputer.com\/index.php\/wp-json\/wp\/v2\/comments?post=1315"}],"version-history":[{"count":22,"href":"https:\/\/xuyennguyencomputer.com\/index.php\/wp-json\/wp\/v2\/pages\/1315\/revisions"}],"predecessor-version":[{"id":2147,"href":"https:\/\/xuyennguyencomputer.com\/index.php\/wp-json\/wp\/v2\/pages\/1315\/revisions\/2147"}],"wp:attachment":[{"href":"https:\/\/xuyennguyencomputer.com\/index.php\/wp-json\/wp\/v2\/media?parent=1315"}],"curies":[{"name":"wp","href":"https:\/\/api.w.org\/{rel}","templated":true}]}}