{"id":202,"date":"2021-06-02T04:02:33","date_gmt":"2021-06-02T04:02:33","guid":{"rendered":"http:\/\/xuyennguyencomputer.com\/?page_id=202"},"modified":"2024-05-06T00:43:26","modified_gmt":"2024-05-06T00:43:26","slug":"file-dowload","status":"publish","type":"page","link":"https:\/\/xuyennguyencomputer.com\/index.php\/file-dowload\/","title":{"rendered":"File Dowload Iteam, mac, win, proxy"},"content":{"rendered":"<p>Hits: 167<\/p>\n\n\n<h2 class=\"has-vivid-red-color has-text-color wp-block-heading\"><strong>DOWNLOAD:&nbsp;<\/strong>Panel Tool off Proxy And Passcode ios 13.xx- 14xx \u2013 Xuy\u00ean Nguy\u1ec5n Ft<\/h2>\n\n\n\n<ul class=\"wp-block-list\" style=\"font-size:21px\"><li>Checkra1n Windows: 0.12.4<ul><li><img decoding=\"async\" height=\"16\" src=\"https:\/\/frpfile.com\/wp-content\/uploads\/2020\/09\/icon_google-drive.png\" alt=\"Google Drive\">\u00a0<a href=\"https:\/\/drive.google.com\/drive\/folders\/1TyQRx9sDSbctrNYx-knpTC6nPalMnf7w?usp=drive_link\">Google Drive<\/a><\/li><li>Password unzip:\u00a0<strong><strong>xuyennguyenft.online<\/strong><\/strong><\/li><\/ul><\/li><\/ul>\n\n\n\n\n\n<ul class=\"has-vivid-red-color has-text-color wp-block-list\" style=\"font-size:21px\"><li><strong>Link tool ITEAM:<\/strong> tr\u00ean win v\u00e0 Mac<ul><li>Tr\u00ean WIN + MAC:  <a href=\"https:\/\/link1s.com\/dowload-vicgroup\" target=\"_blank\" rel=\"noreferrer noopener\" title=\"https:\/\/drive.google.com\/file\/d\/1D69bQmDqGJaFf0KJnOCfsKBIIp82VsW7\/view\">Google Driver<\/a><\/li><\/ul><ul><li>Tool off Proxy: <a href=\"https:\/\/link1s.com\/dowload-tool-proxy\" title=\"http:\/\/bblink.com\/dowload-proxy\">Google Driver<\/a><\/li><li>DefenderControl&nbsp;: <a href=\"https:\/\/link1s.com\/dowload-chan-virus\">Google Driver<\/a><\/li><\/ul><\/li><\/ul>\n\n\n\n\n\n<ul class=\"wp-block-list\" style=\"font-size:21px\"><li><a href=\"https:\/\/link1s.com\/dowload-netfram-472\">NET Framework 4.7.2 required<\/a><\/li><li><a href=\"https:\/\/youtu.be\/_6vLJQNpnZE\">Video fix link Google Driver<\/a><\/li><\/ul>\n\n\n","protected":false},"excerpt":{"rendered":"<p>Hits: 167 DOWNLOAD:&nbsp;Panel Tool off Proxy And Passcode ios 13.xx- 14xx \u2013 Xuy\u00ean Nguy\u1ec5n Ft Checkra1n Windows: 0.12.4 \u00a0Google Drive [&hellip;]<\/p>\n","protected":false},"author":1,"featured_media":0,"parent":0,"menu_order":0,"comment_status":"closed","ping_status":"closed","template":"","meta":{"_monsterinsights_skip_tracking":false,"_monsterinsights_sitenote_active":false,"_monsterinsights_sitenote_note":"","_monsterinsights_sitenote_category":0,"footnotes":""},"class_list":["post-202","page","type-page","status-publish","hentry"],"_links":{"self":[{"href":"https:\/\/xuyennguyencomputer.com\/index.php\/wp-json\/wp\/v2\/pages\/202","targetHints":{"allow":["GET"]}}],"collection":[{"href":"https:\/\/xuyennguyencomputer.com\/index.php\/wp-json\/wp\/v2\/pages"}],"about":[{"href":"https:\/\/xuyennguyencomputer.com\/index.php\/wp-json\/wp\/v2\/types\/page"}],"author":[{"embeddable":true,"href":"https:\/\/xuyennguyencomputer.com\/index.php\/wp-json\/wp\/v2\/users\/1"}],"replies":[{"embeddable":true,"href":"https:\/\/xuyennguyencomputer.com\/index.php\/wp-json\/wp\/v2\/comments?post=202"}],"version-history":[{"count":24,"href":"https:\/\/xuyennguyencomputer.com\/index.php\/wp-json\/wp\/v2\/pages\/202\/revisions"}],"predecessor-version":[{"id":2127,"href":"https:\/\/xuyennguyencomputer.com\/index.php\/wp-json\/wp\/v2\/pages\/202\/revisions\/2127"}],"wp:attachment":[{"href":"https:\/\/xuyennguyencomputer.com\/index.php\/wp-json\/wp\/v2\/media?parent=202"}],"curies":[{"name":"wp","href":"https:\/\/api.w.org\/{rel}","templated":true}]}}